- -17. What is the remainder when f is divided by s?
8
What is the remainder when 17 is divided by (4/(-12))/(1/(-15))?
2
Let p(f) = f**3 - 5*f**2 + f - 1. Let c(d) = -d + 4. Let h be c(-5). Let r = -4 + h. What is the remainder when 7 is divided by p(r)?
3
Suppose -3*s = 12, 3*j + 0*s + s = 254. Calculate the remainder when j is divided by 22.
20
Suppose -28*w = -26*w - 14. Suppose w = 3*i + 4. What is the remainder when 3 is divided by i?
0
Let h be (3 + -1 + -1)*-50. Let u = -35 - h. Let c = 27 + -19. Calculate the remainder when u is divided by c.
7
Suppose 3 = 7*d - 10*d. Calculate the remainder when 3 is divided by (3 - 2)/(d/(-3)).
0
Suppose 0 = 2*v + 4*d - 72, -4*v = -3*d + 2*d - 144. What is the remainder when v is divided by ((-39)/6)/((-2)/4)?
10
Suppose -72 = -7*p + 47. What is the remainder when p is divided by 4?
1
Let s be (-2)/13 - (-41)/13. Let m = 0 - -6. Let b = m - s. What is the remainder when b is divided by 2?
1
Suppose -5*j + 0*j + 500 = 0. Suppose 5*w + 5*l = j, -5*w + 114 = 4*l - 6*l. Let m(t) = -5*t - 3. What is the remainder when w is divided by m(-3)?
10
Suppose -5*o = -8 - 32. Let j(t) = t**3 + 5*t**2 - 2*t - 7. Let y be 10*((-9)/(-6) + -2). What is the remainder when o is divided by j(y)?
2
Let l = -45 + 81. Calculate the remainder when 71 is divided by l.
35
Let o(u) = u**2 - 2*u. Let m = -70 - -312. Suppose 27 = -5*w + m. Calculate the remainder when w is divided by o(5).
13
Let i = 18 - 3. What is the remainder when 59 is divided by i?
14
Let g(o) = o**2 + 3*o - 4. Let z be g(6). Let n = 103 - z. Let p = 22 - -5. Calculate the remainder when n is divided by p.
26
Let p be 3/(-3) + 0 + 0. Let q(k) be the first derivative of -8*k**2 + 2. What is the remainder when q(p) is divided by 6?
4
Let f(l) = -l - 1. Suppose 2*u - 5 = -4*b - 23, 31 = -3*b - 5*u. Let r be f(b). Let q = 3 + r. Calculate the remainder when 10 is divided by q.
2
What is the remainder when (-1)/(-4) - (4 + (-844)/16) is divided by 13?
10
What is the remainder when 114 is divided by ((-58)/(-4))/(1/2)?
27
Suppose -2*x + 3*x - 17 = -3*f, -5*x + 4*f + 28 = 0. Suppose 4*m - 35 = -7. Let t = 20 - m. Calculate the remainder when t is divided by x.
5
Suppose -3*o + 6 + 0 = 0. Suppose o*p + 44 = -4*a, 0*p - 3*p = -a + 73. Let x = -4 - p. What is the remainder when x is divided by 11?
9
Let q = -21 + 29. Suppose v = 3*v - q. Suppose v*k - 64 - 8 = 0. What is the remainder when 53 is divided by k?
17
Suppose 5*r - x - 540 = x, -r = 3*x - 91. Calculate the remainder when r is divided by 27.
25
Let o = 10 - 8. Suppose -5*m + 248 = 3*q, 2*q + o = 4. Suppose 0 = 6*p - 2*p - 68. What is the remainder when m is divided by p?
15
Let b be (-11)/(-2)*(-5 + 3). Let k = 37 + b. Calculate the remainder when k is divided by 14.
12
Let m(c) = c**2 + 0*c**2 + 5 - 2 + 7*c - 4. Let y be m(-8). What is the remainder when y/2 + (-3)/(-6) is divided by 2?
0
Suppose -4*d = -2*p - 0*d - 2, -5*p - 4*d = -23. Suppose 2 = 3*w - 2*w. Suppose j + p = w*j. Calculate the remainder when 8 is divided by j.
2
Suppose 82 = 4*p + 2*t, -3*p = -4*p + 5*t + 48. Calculate the remainder when p is divided by 13.
10
Let f = -11 - -16. Suppose 0 = g - 3, -5*g = -f*i + 55. Calculate the remainder when 41 is divided by i.
13
Let z = -49 + 94. What is the remainder when z is divided by 26?
19
Let q(k) = k**3 + 9*k**2 - 11*k - 1. What is the remainder when q(-10) is divided by 6?
3
Let g be -13 - (0 + 2 + -1). Let k be (10/25)/(1/(-10)). Let t = k - g. Calculate the remainder when 19 is divided by t.
9
Suppose 1 - 19 = -3*z. Let s(a) = -a**2 + 3*a + 3. Let b = 0 + 3. Calculate the remainder when z is divided by s(b).
0
What is the remainder when 114 is divided by (1*5/(-10))/((-3)/174)?
27
Let d be 52/20 + (-2)/(-5). What is the remainder when (20/3 - -2)*d is divided by 14?
12
Calculate the remainder when 1*-3*(-305)/15 is divided by 21.
19
Let m be 2/(-2)*(-2 + -2). Suppose -m = v - 5*z, 8 = -5*v + 3*v - 5*z. Calculate the remainder when 10 is divided by v/(16/(-3))*8.
4
Let n = 15 - -32. What is the remainder when n is divided by 6?
5
Suppose -8*l + 45 = -3*l. Suppose 124 = 4*t + 4*g, 52 + 57 = 3*t - g. What is the remainder when t is divided by l?
8
Let p(h) = 2*h + 4. Let t be p(-5). Let k(r) = 5*r**3. Calculate the remainder when (t + -1)*1*-1 is divided by k(1).
2
Let l(n) = 14*n. Calculate the remainder when l(7) is divided by (0 + 3)*(-25)/(-3).
23
Suppose -5*u = -0*u - 2*k - 21, 0 = u - k - 3. Let m(y) = -2*y + 2. Let s be m(-2). Suppose -s*x = -x - 45. Calculate the remainder when x is divided by u.
4
Let w(a) = a**2 + 2*a - 4. Let g be w(-4). Suppose -5*d = g*c + 3 - 9, 2*c = 2*d + 12. Calculate the remainder when 7 is divided by c.
3
Suppose -4*t + 3*k + 31 + 38 = 0, -3*t + 4*k + 57 = 0. Calculate the remainder when 38 + 8*4/8 is divided by t.
12
Suppose -2*c + 3*g = -28 - 2, 67 = 3*c + g. Calculate the remainder when 82 is divided by c.
19
Let x(r) be the first derivative of r**4/4 - 5*r**3/3 + 5*r**2/2 + 2. Let p be x(4). Suppose -z = p*z - 45. What is the remainder when 25 is divided by z?
7
Let s(o) = o + 10. What is the remainder when 8 is divided by s(-7)?
2
Let f(s) = s**3 + 14*s**2 + 13*s + 5. Let h be f(-13). Suppose 5*i + h*g - 110 = 35, -5*g - 35 = -i. Calculate the remainder when i is divided by 11.
8
Let o = 10 + -7. Suppose 5*t = 4*l + 40, -5*l = o*t - 2*l + 3. Calculate the remainder when t is divided by 42/18 - 1/3.
0
Suppose 3*d + 9 = 2*d - 2*m, d - m + 9 = 0. Let p be (3/(-2))/(15/200). Let v = d - p. What is the remainder when 32 is divided by v?
10
Suppose 0 = -2*t, -11 + 1 = -2*b + 2*t. What is the remainder when b is divided by 3/(12/(-8))*(-6)/4?
2
Suppose y + 93 = 5*g - 20, 10 = 5*y. Calculate the remainder when g is divided by 10.
3
Suppose -22 = -p + 28. Calculate the remainder when 97 is divided by p.
47
Suppose p + 3*p + 140 = 0. What is the remainder when 2/(-7) + (-2425)/p is divided by 18?
15
Let v = 12 - -50. Suppose 3*k - i - 2*i = 63, k + 4*i + 4 = 0. What is the remainder when v is divided by k?
14
Suppose -2*u + u + 8 = 0. Suppose 0 = m + 5*k - 27, 0 = -5*m - 5*k - 104 + 279. Calculate the remainder when m is divided by u.
5
Suppose -64 = 2*f - 118. Calculate the remainder when f is divided by 10.
7
Suppose 14*p - 8*p = 354. What is the remainder when p is divided by 16?
11
Let q be (-46)/8*(1 + -9). What is the remainder when q/2 + (-1)/(-1) is divided by 2/(-8) + (-53)/(-4)?
11
Let q be 5/4 - (-27)/36. Suppose 50 = q*b + 3*b. What is the remainder when 39 is divided by b?
9
Let x(u) = -7*u + 4. Suppose 4*o + 5*s - 2*s = 116, 5*o - 164 = s. Calculate the remainder when o is divided by x(-1).
10
Let o(s) = 26*s**2 + 2*s - 1. Let r be o(-2). Let a = -64 + r. What is the remainder when a is divided by 19?
16
Suppose -72 = -3*x - 3*j, 6*x - 2*x - 61 = 3*j. What is the remainder when x is divided by (-22)/(-4)*(-6 - 40/(-5))?
8
Calculate the remainder when 25 is divided by (-9 - 0)/(-1 + 0).
7
Let y(p) = -15*p - 4. What is the remainder when 101 is divided by y(-2)?
23
Let t(d) = -d. Let l be t(-5). Suppose 3*g = -2*u + 30, -l*u - g + 25 = -6*g. Let h(p) = p**2 + 2*p + 2. What is the remainder when h(4) is divided by u?
8
Suppose -3*h = 0, i + 3*h + 2*h - 24 = 0. Let n be 2/4 - 41/(-2). Let z = n + -12. What is the remainder when i is divided by z?
6
Let m be 3 - (-6 - -1 - -3). Suppose 9 = -2*p + m*p. Suppose -18 + 3 = -p*b - 5*c, 0 = 3*c. What is the remainder when 7 is divided by b?
2
Suppose t - 152 + 148 = 0. Calculate the remainder when 22 is divided by t.
2
Let j = -8 + 8. Suppose 120 = -j*q + 5*q. Let h = 3 - -10. Calculate the remainder when q is divided by h.
11
Let s be 2532/84 - (-1)/(-7). Suppose x = -2*x + s. What is the remainder when 25 is divided by x?
5
Suppose -8 = -2*k - 0. Let q(a) = a + 2. Calculate the remainder when k + 1 + -2 + 2 is divided by q(0).
1
Let z(a) = 2*a - 1. What is the remainder when z(3) is divided by 2?
1
Let y be 4/(-26) - (-84)/39. Suppose 0 = y*i - 64 + 18. Suppose -95 = -5*m - 30. What is the remainder when i is divided by m?
10
Suppose -2*k = -c + 4, -3*c + 5*k + 18 = 5. Suppose -2*y - 3*s = -27, -y - 33 = -3*y - 5*s. What is the remainder when y is divided by c?
3
Let f(o) = o**3 + 8*o**2 + 7*o + 6. What